(-5)?
1
Let y(f) = -f**3 - 7*f**2 + 16*f - 13. What is y(-9)?
5
Let t(v) = 2*v**3 + 53*v**2 + 196*v - 44. What is t(-22)?
0
Let g(v) = v**2 + 8*v + 3. Determine g(-6).
-9
Let u(p) = -p**3 - 4*p**2 + 5*p. Give u(-5).
0
Let y(i) = i**3 + 4*i**2 + 9. Give y(-5).
-16
Let h(i) = 17*i + 1. Determine h(1).
18
Let y(i) = -7*i - 8. Give y(-3).
13
Let j(v) = -v**3 + 3*v**2 + 17*v - 48. Determine j(4).
4
Let y(a) = a**2 + 2*a - 2. Calculate y(3).
13
Let u(p) = 5*p + 54. Determine u(-16).
-26
Let g(s) = 5*s - 101. Determine g(17).
-16
Let k(p) = 6*p**3 + p**2 + 2*p - 1. Determine k(-2).
-49
Let x(t) = -2*t**3 - 6*t**2 + 4*t - 6. What is x(-4)?
10
Let q(j) = -15*j + 4. Give q(4).
-56
Let g(a) = -a**3 - 16*a**2 - 7*a - 110. Calculate g(-16).
2
Let b(j) = -24*j + 9. Calculate b(1).
-15
Let s(p) = -p**3 - 13*p**2. Calculate s(-13).
0
Let k(j) = -110*j + 884. What is k(8)?
4
Let x(i) = -2*i**2 + 2*i + 3. Give x(3).
-9
Let o(t) = -t**3 + 5*t**2 - 6*t + 6. Give o(3).
6
Let w(v) = 5*v + 16. Determine w(-2).
6
Let n(v) = v**2 - 18*v - 27. What is n(20)?
13
Let h(b) = -b**3 - 18*b**2 - 15*b + 19. Determine h(-17).
-15
Let n(u) = -58*u + 10. Give n(-1).
68
Let t(w) = w**3 + 6*w**2 - 11*w - 6. Give t(-8).
-46
Let z(m) = -m**2 + 33*m - 59. Calculate z(31).
3
Let o(s) = s - 24. What is o(18)?
-6
Let p(t) = t**3 + 2*t**2 + 6*t + 4. What is p(-4)?
-52
Let h(q) = -3*q**3 - 3*q**2 + 2*q + 1. Give h(2).
-31
Let i(f) = -f**2 + 44. Determine i(6).
8
Let w(b) = -12*b + 70. What is w(6)?
-2
Let x(s) = s**3 + 5*s**2 + 59*s + 398. What is x(-6)?
8
Let m(t) = -24*t**3 + 2*t**2 - 1. Give m(-1).
25
Let r(a) = -a**3 + 7*a**2 + 4*a + 6. What is r(8)?
-26
Let j(p) = -p**2 + 9*p - 12. Determine j(6).
6
Let b(g) = -2*g**2 - 22*g - 25. What is b(-10)?
-5
Let r(y) = y**3 + 3*y**2 - 15*y - 20. Calculate r(-5).
5
Let t(s) = -s**3 + 6*s**2 + 7*s - 48. Give t(5).
12
Let z(x) = x**3 - 13*x**2 + 4*x + 24. Determine z(13).
76
Let c(t) = 6*t - 23. Give c(3).
-5
Let a(p) = p**2 + 15*p + 7. Give a(-12).
-29
Let d(k) = k**2 + 10*k + 9. What is d(-9)?
0
Let m(p) = -2*p - 28. Calculate m(-18).
8
Let f(n) = n**3 + 7*n**2 + 5*n + 16. What is f(-8)?
-88
Let m(h) = h**2 + 15*h - 191. Calculate m(8).
-7
Let p(i) = -i**2 + 14*i + 9. Determine p(11).
42
Let u(w) = 24*w - 163. Determine u(7).
5
Let a(i) = i**3 + 4*i**2 - 9. Give a(-5).
-34
Let c(u) = u**2 - 20*u + 20. Give c(19).
1
Let w(v) = 2*v**2 + 13*v - 4. Give w(-6).
-10
Let x(s) = -7*s - 6. What is x(-4)?
22
Let w(y) = -5*y - 15. Give w(1).
-20
Let k(v) = 2*v + 19. Calculate k(0).
19
Let j(z) = -z**3 + 5*z**2 - z - 7. What is j(3)?
8
Let q(d) = d**3 - 2*d**2 + 21*d - 40. Determine q(2).
2
Let r(n) = n**2 + 4*n - 15. Determine r(-9).
30
Let a(q) = -q**3 - 5*q**2 + q + 3. Calculate a(-4).
-17
Let c(j) = -4*j**2 + 4*j + 3. Give c(-2).
-21
Let j(c) = c**2 - 18*c + 11. Calculate j(16).
-21
Let w(u) = u - 19. Calculate w(9).
-10
Let c(s) = -3*s**2 - 24*s + 42. Calculate c(-10).
-18
Let g(p) = -10*p + 35. What is g(4)?
-5
Let t(a) = -a**3 - 17*a**2 + 19*a + 20. Determine t(-18).
2
Let g(m) = 11*m + 102. What is g(-8)?
14
Let x(w) = w**3 + 3*w**2 - 2*w - 5. Give x(-4).
-13
Let s(t) = 122*t**3 - t**2 + 3*t - 1. Calculate s(1).
123
Let a(y) = 3*y**2 + 5*y + 3. What is a(-2)?
5
Let g(w) = w**3 - 3*w**2 + w - 7. Give g(4).
13
Let t(s) = s**3 - 14*s**2 + 2*s - 35. Give t(14).
-7
Let h(s) = -33*s**2 - 2*s - 1. Determine h(-1).
-32
Let x(o) = o**2 + 9*o - 24. What is x(-12)?
12
Let t(k) = k**3 + 3*k**2 - 6*k. Determine t(-4).
8
Let g(a) = 2*a - 26. Calculate g(17).
8
Let t(r) = -2*r**3 - 4*r**2 - 15*r - 25. What is t(-3)?
38
Let f(c) = -c**2 - 2*c + 2. Give f(5).
-33
Let t(q) = -q + 7. Give t(-4).
11
Let m(g) = -3*g - 2. Determine m(3).
-11
Let w(t) = t**3 + 10*t**2 + 8*t - 14. Determine w(-9).
-5
Let q(b) = b**2 - 9*b + 17. Calculate q(10).
27
Let r(x) = x**3 + 6*x**2 + 3*x - 2. Calculate r(-5).
8
Let s(w) = w**3 - 8*w**2 - 9*w - 10. What is s(9)?
-10
Let v(l) = l**3 + l**2 - 8*l - 13. Give v(-2).
-1
Let k(c) = -c**3 + 3*c**2 - c + 6. What is k(3)?
3
Let d(c) = c**3 - 4*c**2 - 21. Calculate d(5).
4
Let f(t) = 23*t + 4. What is f(1)?
27
Let z(s) = -7*s + 80. Calculate z(11).
3
Let s(m) = 13*m + 26. Calculate s(-8).
-78
Let n(z) = z**2 + 14*z + 19. Give n(-12).
-5
Let r(n) = -19*n + 2. What is r(-2)?
40
Let a(o) = o**3 + 5*o**2 + 6*o + 3. Determine a(-4).
-5
Let d(m) = m**3 + 4*m**2 - 12*m - 6. Determine d(-6).
-6
Let b(w) = 2*w**3 - 10*w**2 + 4*w - 20. Calculate b(5).
0
Let l(y) = -y**3 - 2*y**2 + 6*y - 3. Calculate l(2).
-7
Let y(v) = -v**3 + 33*v**2 + 7. Calculate y(33).
7
Let w(f) = f**3 + f**2 + f + 18. Calculate w(0).
18
Let f(a) = -a**3 - 6*a**2 + 2*a + 4. What is f(-7)?
39
Let z(u) = 76*u**2 - u - 1. Calculate z(-1).
76
Let w(n) = n**2 + 23*n - 50. Determine w(-18).
-140
Let j(l) = 14*l**2 - 181*l - 9. Calculate j(13).
4
Let n(a) = a**3 + 14*a**2 + a + 13. What is n(-14)?
-1
Let p(h) = -h**3 + 7*h**2 - 6*h + 5. Determine p(6).
5
Let z(p) = p**2 + 4*p - 9. Determine z(-8).
23
Let i(o) = -2*o**2 + 3. Give i(2).
-5
Let q(i) = i**2 - 20*i + 22. Give q(19).
3
Let d(l) = -67*l - 402. What is d(-6)?
0
Let q(c) = -c**3 + 16*c**2 + 17*c + 15. Calculate q(17).
15
Let o(l) = 10*l - 2. Give o(2).
18
Let g(n) = -n**2 - 4*n + 20. Give g(3).
-1
Let o(i) = 5*i + 3. Calculate o(8).
43
Let s(c) = -c**3 - 3*c**2 + 4*c - 3. Calculate s(-5).
27
Let y(t) = t**3 + 5*t**2 - 5*t + 8. Give y(-6).
2
Let d(u) = -u + 9. Calculate d(8).
1
Let q(w) = w**3 - 14*w**2 - 16*w + 8. What is q(15)?
-7
Let f(g) = -3*g - 11. Give f(7).
-32
Let r(w) = w**2 + 4*w + 1. What is r(-4)?
1
Let h(j) = 19*j - 2. Calculate h(1).
17
Let z(h) = h**3 + 35*h**2 + 35*h + 30. Calculate z(-34).
-4
Let w(k) = -12*k + 1. Calculate w(-2).
25
Let t(s) = -s + 10. What is t(6)?
4
Let m(x) = x**3 - 9*x**2 - 7*x + 11. Calculate m(9).
-52
Let f(s) = -s**3 - 12*s**2 + 11*s - 3. Calculate f(-13).
23
Let d(w) = -2*w**2 + 62*w + 123. Calculate d(-2).
-9
Let b(n) = -2*n + 15. Determine b(-10).
35
Let l(n) = -n**3 + 6*n**2 + 17*n + 9. Determine l(9).
-81
Let c(r) = 46*r - 2. What is c(3)?
136
Let b(g) = -g**3 - 5*g**2 + 1. Calculate b(-3).
-17
Let n(l) = l**2 - 4*l - 11. Calculate n(6).
1
Let r(o) = -o**2 + 2*o + 20. Determine r(8).
-28
Let u(m) = m**3 - 12*m**2 + 13*m - 26. What is u(11)?
-4
Let v(h) = -10*h**2 - 202*h - 42. Calculate v(-20).
-2
Let j(z) = -6*z + 1. Determine j(3).
-17
Let w(i) = -i**2 - 11*i + 16. Calculate w(-13).
-10
Let u(a) = 2*a. Calculate u(-5).
-10
Let k(s) = 2*s**2 + 42*s - 93. Calculate k(-23).
-1
Let i(a) = -a**2 - 17*a - 19. Determine i(-15).
11
Let j(p) = -p**3 + 3*p**2 - 3*p + 7. Give j(4).
-21
Let t(h) = 5*h + 5. What is t(6)?
35
Let f(b) = -b**2 - 5*b + 7. Calculate f(-5).
7
Let u(d) = d**3 - 14*d**2 + 15*d - 15. Give u(13).
11
Let n(y) = -y**2 - 3*y + 6. Give n(-6).
-12
Let a(z) = -2*z - 7. Calculate a(-4).
1
Let a(l) = 2*l**2 + 87*l - 137. Give a(-45).
-2
Let o(d) = d**2 - 18*d + 32. Determine o(17).
15
Let z(l) = -l - 1. Determine z(-2).
1
Let x(z) = z**3 - 7*z**2 - 8*z + 15. Determine x(7).
-41
Let h(g) = g + 2. Determine h(3).
5
Let d(p) = p**2 - 27*p + 63. Give d(26).
37
Let m(h) = 2*h**2 + 71*h + 65. Determine m(-34).
-37
Let n(b) = b**3 - 3*b**2 + 5*b - 7. Determine n(3).
8
Let p(k) = k**3 - k**2 - 3*k + 3. What is p(2)?
1
Let j(y) = -y**2 + 21*y - 26. What is j(20)?
-6
Let l(k) = -8*k**2 + 3*k. Determine l(-1).
-11
Let y(p) = p**2 + 2*p - 4. What is y(4)?
20
Let o(h) = -h**3 - 12*h**2 - 17*h - 18. What is o(-10)?
-48
Let b(q) = -q**3 - 8*q**2 - 12*q - 2. Calculate b(-6).
-2
Let g(v) = -v**3 + 5*v**2 + 10*v - 3. Give g(7).
-31
Let q(o) = 9*o + 70. What is q(-10)?
-20
Let d(f) = -4*f - 32. What is d(-18)?
40
Let s(u) = -2*u**2 + 9*u - 38. What is s(7)?
-73
Let g(w) = -w**2 + 10*w - 5. Give g(10).
-5
Let m(f) = -16*f**3 + f**2 - 2*f + 1. Determine m(1).
-16
Let k(m) = 19*m + 31. Calculate k(-8).
-121
Let g(k) = -k**3 + 17*k**2 - 9*k - 35. Determine g(16).
77
Let s(h) = -28*h - 301. Determine s(-11).
7
Let m(l) = -9*l + 3. Give m(2).
-15
Let i(b) = 21*b**2 - 2*b + 2. Give i(1).
21
Let r(q) = -q**2 + 9*q + 223. Calculate r(20).
3
Let m(z) = -z**2 - 11*z + 6. Give m(-11).
6
Let a(f) = -f**3 - 7*f**2 + f - 2. Determine a(-7).
-9
Let r(s) = -s - 3. Give r(11).
-14
Let a(q) = -7*q - 14. Give a